{"id":3122,"date":"2015-05-12T23:05:01","date_gmt":"2015-05-12T23:05:01","guid":{"rendered":"http:\/\/thebookoflife.gr\/?page_id=3122"},"modified":"2024-02-05T22:03:17","modified_gmt":"2024-02-05T20:03:17","slug":"e-book-links","status":"publish","type":"page","link":"https:\/\/thebookoflife.gr\/wordpress\/e-book-links\/","title":{"rendered":"Links-eBooks"},"content":{"rendered":"<h1 style=\"text-align: center;\"><\/h1>\n<h1 style=\"text-align: center;\"><span style=\"color: #000000;\">Links and Websides<\/span><\/h1>\n<h1 style=\"text-align: center;\"><span style=\"color: #000000;\"><br \/>\n<a href=\"http:\/\/thebookoflife.gr\/wordpress\/wp-content\/uploads\/2014\/10\/slide32.jpg\"><img loading=\"lazy\" decoding=\"async\" class=\" wp-image-343 aligncenter\" src=\"http:\/\/thebookoflife.gr\/wordpress\/wp-content\/uploads\/2014\/10\/slide32.jpg\" alt=\"slide3\" width=\"634\" height=\"324\" srcset=\"https:\/\/thebookoflife.gr\/wordpress\/wp-content\/uploads\/2014\/10\/slide32.jpg 704w, https:\/\/thebookoflife.gr\/wordpress\/wp-content\/uploads\/2014\/10\/slide32-300x153.jpg 300w\" sizes=\"(max-width: 634px) 100vw, 634px\" \/><\/a><\/span><\/h1>\n<h1 style=\"text-align: justify;\"><\/h1>\n<h1 style=\"text-align: justify;\"><\/h1>\n<h1 style=\"text-align: justify;\"><span style=\"color: #000000;\">German\/Deutsch<\/span><\/h1>\n<p style=\"text-align: justify;\"><a href=\"http:\/\/thebookoflife.gr\/wordpress\/wp-content\/uploads\/2015\/05\/imgres.png\"><img loading=\"lazy\" decoding=\"async\" class=\"alignleft  wp-image-3126\" style=\"border: 3px solid black;\" src=\"http:\/\/thebookoflife.gr\/wordpress\/wp-content\/uploads\/2015\/05\/imgres.png\" alt=\"imgres\" width=\"232\" height=\"139\" \/><\/a><\/p>\n<h3 style=\"text-align: left;\"><span style=\"color: #000000;\">Free Jakobb Lorber E-book in German<span style=\"color: #ff0000;\"><a style=\"color: #ff0000;\" href=\"http:\/\/www.jakob-lorber.cc\/index.php?s=&amp;l=de\"> Click here<\/a><\/span><\/span><\/h3>\n<p style=\"text-align: left;\"><span style=\"color: #000066;\">\u00a0 \u00a0 \u00a0 <\/span><a href=\"http:\/\/www.lorber-verlag.de\/\"><span style=\"color: #000066;\">Lorber Verlag<\/span><\/a><\/p>\n<p style=\"text-align: left;\"><span style=\"color: #000066;\">\u00a0 \u00a0 \u00a0 Hindenburgstra\u00dfe 5<\/span><\/p>\n<p style=\"text-align: left;\"><span style=\"color: #000066;\">\u00a0 \u00a0 \u00a0D-74321 Bietigheim-Bissingen<\/span><\/p>\n<p style=\"text-align: left;\"><span style=\"color: #000066;\">\u00a0 \u00a0 \u00a0<\/span><span style=\"color: #000066;\"><br \/>\n<\/span><\/p>\n<h1 style=\"text-align: justify;\"><\/h1>\n<p style=\"text-align: justify;\"><em>Die Haushaltung Gottes (HG, 3 B\u00e4nde, Urgeschichte )<\/em><\/p>\n<p style=\"text-align: justify;\"><em>Gro\u00dfes Evangelium Johannes (GEJ, 10 B\u00e4nde)Himmelsgaben <\/em><\/p>\n<p style=\"text-align: justify;\"><em>(HIM, 3 B\u00e4nde, Verschiedene Themen)<\/em><\/p>\n<p><em>Pathiel (PA, Die gro\u00dfe Zeit der Zeiten)<\/em><\/p>\n<p><em>Die Fliege (FL, Einblicke in die Wunder der Sch\u00f6pfung)<\/em><\/p>\n<p><em>Der Mittelpunkt der Erde (MER, Die zw\u00f6lf Stunden)<\/em><\/p>\n<p><em>Der Gro\u00dfglockner (GR, Ein Evangelium der Berge)<\/em><\/p>\n<p><em>Die Geistige Sonne (GS, 2 B\u00e4nde, Die geistigen Lebensverh\u00e4ltnisse des Jenseits)<\/em><\/p>\n<p><em>Die Jugend Jesu (JJ, Jakobus-Evangelium)<\/em><\/p>\n<p><em>Der Laodizenerbrief (LAO, Paulus Brief an die Gemeinde in Laodizea)<\/em><\/p>\n<p><em>Briefwechsel Jesu (BJ, Briefwechsel zwischen Jesus und Abgarus Ukkama von Edessa)<\/em><\/p>\n<p><em>Die Erde (ER)<\/em><\/p>\n<p><em>Jenseits der Schwelle (JS, Sterbeszenen)<\/em><\/p>\n<p><em>Bischof Martin (BM)<\/em><\/p>\n<p><em>Robert Blum (RB, 2 B\u00e4nde)<\/em><\/p>\n<p><em>Die Heilkraft des Sonnenlichts (HS)<\/em><\/p>\n<p><em>Die drei Tage im Tempel (DTT)<\/em><\/p>\n<h2 style=\"text-align: center;\"><span style=\"color: #000000;\">&#8212;&#8212;&#8212;&#8212;&#8212;&#8212;&#8212;&#8212;&#8212;&#8212;&#8212;&#8212;&#8212;&#8212;&#8212;&#8212;&#8212;&#8212;&#8212;&#8212;&#8212;&#8212;&#8212;&#8212;&#8212;&#8212;&#8212;&#8212;&#8211;<\/span><\/h2>\n<p><span style=\"color: #000000; font-size: 2em; text-align: justify;\">United Kingdom<\/span><\/p>\n<h3 style=\"text-align: justify;\"><span style=\"color: #000000;\"><a href=\"http:\/\/thebookoflife.gr\/wordpress\/wp-content\/uploads\/2015\/05\/imgres-1.png\"><img loading=\"lazy\" decoding=\"async\" class=\"alignleft  wp-image-3123\" style=\"border: 3px solid black;\" src=\"http:\/\/thebookoflife.gr\/wordpress\/wp-content\/uploads\/2015\/05\/imgres-1-300x150.png\" alt=\"imgres-1\" width=\"232\" height=\"139\" \/><\/a><\/span><\/h3>\n<h3 style=\"text-align: justify;\"><\/h3>\n<h3 style=\"text-align: justify;\"><\/h3>\n<h3 style=\"text-align: justify;\"><span style=\"color: #000000;\">Free Jakob Lorber E-book in English\u00a0<\/span><a href=\"http:\/\/www.jakob-lorber.cc\/index.php?s=&amp;l=en\"><span style=\"color: #000000;\">Click Here\u00a0<\/span><\/a><\/h3>\n<h1 style=\"text-align: justify;\"><\/h1>\n<h1 style=\"text-align: justify;\"><\/h1>\n<p style=\"text-align: left;\"><em>The Household of God (HG, 2 Volumes)<\/em><\/p>\n<p style=\"text-align: left;\"><em>The Fly (FL)<\/em><\/p>\n<p style=\"text-align: left;\"><em>The Moon (MO)<\/em><\/p>\n<p style=\"text-align: left;\"><em>Saturn (SA)<\/em><\/p>\n<p style=\"text-align: left;\"><em>The Natural Sun (NS, Announcements about our sun and its natural conditions)<\/em><\/p>\n<p style=\"text-align: left;\"><em>The Childhood of Jesus (CJ, Biographical Gospel of the Lord)<\/em><\/p>\n<p style=\"text-align: left;\"><em>Paul&#8217;s Letter to Laodicea (LAO)<\/em><\/p>\n<p style=\"text-align: left;\"><em>Correspondence with Jesus (COR, Correspondence between Abgarus and Jesus)<\/em><\/p>\n<p style=\"text-align: left;\"><em>The Earth (EA, Parable &amp; chapter 1-12)<\/em><\/p>\n<p style=\"text-align: left;\"><em>Beyond the Threshold (BTT, Deathbed scenes)<\/em><\/p>\n<p style=\"text-align: left;\"><em>Bishop Martin (BM, Sunsets into Sunrises)<\/em><\/p>\n<p style=\"text-align: left;\"><em>From Hell to Heaven (RB, Robert Blum vol 1 condensed)<\/em><\/p>\n<p style=\"text-align: left;\"><em>The Healing Power of Sunlight (HPS)<\/em><\/p>\n<p style=\"text-align: left;\"><em>Three Days in the Temple (TDT)<\/em><\/p>\n<p style=\"text-align: left;\"><em>The Great Gospel of John (GGJ, 10 Volumes)<\/em><\/p>\n<h2 style=\"text-align: center;\"><span style=\"color: #000000;\">&#8212;&#8212;&#8212;&#8212;&#8212;&#8212;&#8212;&#8212;&#8212;&#8212;&#8212;&#8212;&#8212;&#8212;&#8212;&#8212;&#8212;&#8212;&#8212;&#8212;&#8212;&#8212;&#8212;&#8212;&#8212;&#8212;&#8212;&#8211;<\/span><\/h2>\n<h1 style=\"text-align: justify;\"><span style=\"color: #000000;\">Serbian<\/span><\/h1>\n<h3 style=\"text-align: justify;\"><span style=\"color: #000000;\"><a href=\"http:\/\/thebookoflife.gr\/wordpress\/wp-content\/uploads\/2015\/05\/imgres.jpg\"><img loading=\"lazy\" decoding=\"async\" class=\"alignleft  wp-image-3125\" style=\"border: 3px solid black;\" src=\"http:\/\/thebookoflife.gr\/wordpress\/wp-content\/uploads\/2015\/05\/imgres.jpg\" alt=\"imgres\" width=\"232\" height=\"139\" \/><\/a><\/span><\/h3>\n<h3 style=\"text-align: justify;\"><\/h3>\n<h3 style=\"text-align: justify;\"><\/h3>\n<h3 style=\"text-align: justify;\"><span style=\"color: #000000;\">Free Jakob Lorber E-Book in Serbian\u00a0<\/span><a href=\"http:\/\/www.jakob-lorber.cc\/index.php?s=&amp;l=sr\"><span style=\"color: #000000;\">Click here\u00a0<\/span><\/a><\/h3>\n<h1 style=\"text-align: justify;\"><\/h1>\n<h1 style=\"text-align: justify;\"><\/h1>\n<h1 style=\"text-align: justify;\"><\/h1>\n<p><em>\u0411\u043e\u0436\u0458\u0435 \u0434\u043e\u043c\u0430\u045b\u0438\u043d\u0441\u0442\u0432\u043e (\u0411\u0414, \u041a\u045a\u0438\u0433\u0430 1)<\/em><\/p>\n<p><em>\u0413\u0440\u043e\u0441\u0433\u043b\u043e\u043a\u043d\u0435\u0440 (\u0413\u0420, \u0415\u0432\u0430\u043d\u0452\u0435\u0459\u0435 \u043f\u043b\u0430\u043d\u0438\u043d\u0430)<\/em><\/p>\n<p><em>\u0414\u0443\u0445\u043e\u0432\u043d\u043e \u0421\u0443\u043d\u0446\u0435 (\u0414\u0421, \u041a\u045a\u0438\u0433\u0430 2, \u0413\u043b\u0430\u0432\u0430 67-105)<\/em><\/p>\n<p><em>\u041f\u043e\u0441\u043b\u0430\u043d\u0438\u0446\u0430 \u041b\u0430\u043e\u0434\u0438\u0447\u0430\u043d\u0438\u043c\u0430 (\u041b\u0410\u041e, \u041f\u0430\u0432\u043b\u043e\u0432\u0430 \u043f\u043e\u0441\u043b\u0430\u043d\u0438\u0446\u0430 \u0437\u0430\u0458\u0435\u0434\u043d\u0438\u0446\u0438 \u0443 \u041b\u0430\u043e\u0434\u0438\u043a\u0435\u0458\u0438)<\/em><\/p>\n<p><em>\u041f\u0440\u0435\u043f\u0438\u0441\u043a\u0430 (\u041f\u0420, \u041f\u0440\u0435\u043f\u0438\u0441\u043a\u0430 \u0438\u0437\u043c\u0435\u0452\u0443 \u043a\u0440\u0430\u0459\u0430 \u0410\u0431\u0433\u0430\u0440\u0435 \u0438 \u0413\u043e\u0441\u043f\u043e\u0434\u0430 \u0418\u0441\u0443\u0441\u0430 \u0425\u0440\u0438\u0441\u0442\u0430)<\/em><\/p>\n<p><em>\u0421 \u043e\u043d\u0435 \u0441\u0442\u0440\u0430\u043d\u0435 (\u0421\u041e\u0421)<\/em><\/p>\n<p><em>\u0425\u0435\u043b\u0438\u043e\u0442\u0435\u0440\u0430\u043f\u0438\u0458\u0430 (\u0425\u0422, \u041b\u0435\u0447\u0435\u045a\u0435 \u0441\u0443\u043d\u0447\u0435\u0432\u043e\u043c \u0441\u0432\u0435\u0442\u043b\u043e\u0448\u045b\u0443)<\/em><\/p>\n<p><em>\u0414\u0435\u0447\u0430\u043a \u0418\u0441\u0443\u0441 \u0443 \u0445\u0440\u0430\u043c\u0443 (\u0414\u0418, \u0422\u0440\u0438 \u0434\u0430\u043d\u0430 \u0443 \u0445\u0440\u0430\u043c\u0443)<\/em><\/p>\n<h1 style=\"text-align: justify;\"><\/h1>\n<h2 style=\"text-align: center;\"><span style=\"color: #000000;\">&#8212;&#8212;&#8212;&#8212;&#8212;&#8212;&#8212;&#8212;&#8212;&#8212;&#8212;&#8212;&#8212;&#8212;&#8212;&#8212;&#8212;&#8212;&#8212;&#8212;&#8212;&#8212;&#8212;&#8212;&#8212;&#8212;&#8212;&#8212;<\/span><\/h2>\n<h1 style=\"text-align: justify;\"><span style=\"color: #000000;\">Africans<\/span><\/h1>\n<h3 style=\"text-align: justify;\"><img loading=\"lazy\" decoding=\"async\" class=\"alignleft  wp-image-3124\" style=\"border: 3px solid black;\" src=\"http:\/\/thebookoflife.gr\/wordpress\/wp-content\/uploads\/2015\/05\/imgres-1.jpg\" alt=\"imgres-1\" width=\"232\" height=\"139\" \/><\/h3>\n<h3 style=\"text-align: justify;\"><\/h3>\n<h3 style=\"text-align: justify;\"><span style=\"color: #000000;\">Free Jakob Lorber E-book in Africans\u00a0<\/span><span style=\"color: #000000;\"><a href=\"http:\/\/www.jakob-lorber.cc\/index.php?s=&amp;l=af\">Click here <\/a>\u00a0<\/span><\/h3>\n<h1 style=\"text-align: justify;\"><\/h1>\n<h1 style=\"text-align: justify;\"><\/h1>\n<h1 style=\"text-align: justify;\"><\/h1>\n<p style=\"text-align: justify;\"><em>Die Huishouding van God (HG, 3 Boeke)<\/em><\/p>\n<p><em>Die Maan (MA)<\/em><\/p>\n<p><em>Die Geestelike Son (GS, 2 Boeke)<\/em><\/p>\n<p><em>Die Jeug van Jesus (JJ)<\/em><\/p>\n<p><em>Skriftekste (STE, Bybeltekste en hul verborge betekenis)<\/em><\/p>\n<p><em>Brief aan Laodicea (LAO, Paulus se brief aan die gemeente in Laodicea)<\/em><\/p>\n<p><em>Die Aarde (AAR)<\/em><\/p>\n<p><em>Van die Hel tot die Hemel (RB, 2 Boeke, Robert Blum kort versie)<\/em><\/p>\n<p><em>Die drie Dae in die Tempel (DD, Die drie Dae van die 12 jarige Jesus in die Tempel)<\/em><\/p>\n<p><em>Die Groot Johannes Evangelie (GJE, 10 Boeke)<\/em><\/p>\n<h1 style=\"text-align: center;\"><\/h1>\n<h2 style=\"text-align: center;\"><span style=\"color: #000000;\">&#8212;&#8212;&#8212;&#8212;&#8212;&#8212;&#8212;&#8212;&#8212;&#8212;&#8212;&#8212;&#8212;&#8212;&#8212;&#8212;&#8212;&#8212;&#8212;&#8212;&#8212;&#8212;&#8212;&#8212;&#8212;&#8212;&#8212;&#8212;&#8212;&#8212;<\/span><\/h2>\n<h1 style=\"text-align: justify;\"><span style=\"color: #000000;\">\u039d\u03ad\u03b1 \u03a0\u03c1\u03bf\u03c6\u03b7\u03c4\u03b5\u03af\u03b1 \u03a3\u03ae\u03bc\u03b5\u03c1\u03b1<\/span><\/h1>\n<h3 style=\"text-align: justify;\"><span style=\"color: #000000;\"><a href=\"http:\/\/thebookoflife.gr\/wordpress\/wp-content\/uploads\/2015\/03\/jacob-s-ladder.jpg\"><span style=\"color: #000000;\"><br \/>\n<\/span><\/a>\u00a0<a href=\"http:\/\/thebookoflife.gr\/wordpress\/wp-content\/uploads\/2015\/03\/jacob-s-ladder.jpg\"><img loading=\"lazy\" decoding=\"async\" class=\"alignleft size-medium wp-image-2371\" style=\"border: 3px solid black;\" src=\"http:\/\/thebookoflife.gr\/wordpress\/wp-content\/uploads\/2015\/03\/jacob-s-ladder-236x300.jpg\" alt=\"jacob-s-ladder\" width=\"236\" height=\"300\" srcset=\"https:\/\/thebookoflife.gr\/wordpress\/wp-content\/uploads\/2015\/03\/jacob-s-ladder-236x300.jpg 236w, https:\/\/thebookoflife.gr\/wordpress\/wp-content\/uploads\/2015\/03\/jacob-s-ladder.jpg 787w\" sizes=\"(max-width: 236px) 100vw, 236px\" \/><\/a><\/span><\/h3>\n<h3 style=\"text-align: justify;\"><\/h3>\n<h3 style=\"text-align: left;\"><span style=\"color: #000000;\">Free Jakob Lorber\/Bertha Dudde Download Books in <\/span><\/h3>\n<h3 style=\"text-align: left;\"><a href=\"http:\/\/xn--mxaakbhaco3aykmiyl4a.gr\/\"><span style=\"color: #000000;\">Hellenic\/\u0395\u03bb\u03bb\u03b7\u03bd\u03b9\u03ba\u03ac Click here<\/span><\/a><\/h3>\n","protected":false},"excerpt":{"rendered":"<p>Links and Websides German\/Deutsch Free Jakobb Lorber E-book in German Click here \u00a0 \u00a0 \u00a0 Lorber Verlag \u00a0 \u00a0 \u00a0 Hindenburgstra\u00dfe 5 \u00a0 \u00a0 \u00a0D-74321 Bietigheim-Bissingen \u00a0 \u00a0 \u00a0 Die Haushaltung Gottes (HG, 3 B\u00e4nde, Urgeschichte ) Gro\u00dfes Evangelium Johannes (GEJ, 10 B\u00e4nde)Himmelsgaben (HIM, 3 B\u00e4nde, Verschiedene Themen) Pathiel (PA, Die gro\u00dfe Zeit der Zeiten)&hellip; <a class=\"more-link\" href=\"https:\/\/thebookoflife.gr\/wordpress\/e-book-links\/\">Continue reading <span class=\"screen-reader-text\">Links-eBooks<\/span><\/a><\/p>\n","protected":false},"author":4,"featured_media":0,"parent":0,"menu_order":0,"comment_status":"closed","ping_status":"closed","template":"","meta":{"footnotes":""},"_links":{"self":[{"href":"https:\/\/thebookoflife.gr\/wordpress\/wp-json\/wp\/v2\/pages\/3122"}],"collection":[{"href":"https:\/\/thebookoflife.gr\/wordpress\/wp-json\/wp\/v2\/pages"}],"about":[{"href":"https:\/\/thebookoflife.gr\/wordpress\/wp-json\/wp\/v2\/types\/page"}],"author":[{"embeddable":true,"href":"https:\/\/thebookoflife.gr\/wordpress\/wp-json\/wp\/v2\/users\/4"}],"replies":[{"embeddable":true,"href":"https:\/\/thebookoflife.gr\/wordpress\/wp-json\/wp\/v2\/comments?post=3122"}],"version-history":[{"count":54,"href":"https:\/\/thebookoflife.gr\/wordpress\/wp-json\/wp\/v2\/pages\/3122\/revisions"}],"predecessor-version":[{"id":4994,"href":"https:\/\/thebookoflife.gr\/wordpress\/wp-json\/wp\/v2\/pages\/3122\/revisions\/4994"}],"wp:attachment":[{"href":"https:\/\/thebookoflife.gr\/wordpress\/wp-json\/wp\/v2\/media?parent=3122"}],"curies":[{"name":"wp","href":"https:\/\/api.w.org\/{rel}","templated":true}]}}